t k be ((-9)/18)/((-2)/(-24)). Let z be k*-1*(-34)/(-4). Suppose -3*y + 3*b + 23 + 1 = 0, -2*y = 5*b - z. What is the tens digit of y?
1
Let a(k) = k - 7. Let j(b) = -b + 6. Let q(i) = -5*a(i) - 6*j(i). Let f be q(1). Suppose f = -g + 6 + 1. What is the units digit of g?
7
Let a(v) = 3*v**2. Let f be a(3). Suppose -m = 0, 3*m - f = -3*o - m. Suppose -4*d = -o*d + 15. What is the units digit of d?
3
Let q be (-32)/(-14) + 4/(-14). Suppose q*n + 25 = 7*n. Suppose 8 + 13 = 3*j - 5*z, -n*j + 35 = -z. What is the units digit of j?
7
Let w = 3 - 2. Let j(z) = 4*z**3 - 2*z**2 + 1. Let k be j(1). Let s = k - w. What is the units digit of s?
2
Suppose -n = -2*n - 3*m + 1, n = -2*m + 3. What is the units digit of n?
7
Let c(k) = -21*k - 7. What is the units digit of c(-2)?
5
Suppose 3*z + z - d = -10, -4*z + 4*d = 4. Let u = 10 + z. What is the units digit of u?
7
Let v(k) be the second derivative of -13*k**5/20 - k**4/6 - k**3/3 - k**2/2 + 4*k. What is the tens digit of v(-1)?
1
Let n(i) be the third derivative of i**6/120 - i**5/12 - i**4/8 + 5*i**3/6 - 5*i**2. What is the tens digit of n(6)?
2
Let f = -1 - -3. Suppose 2*a + 3*b - 21 = 0, 2*a + f*b - 10 = a. What is the tens digit of (-3)/((-3)/(-2)) + a?
1
Let m be (-80)/(-15) - (-1)/(-3). Let z = 7 - m. What is the units digit of 3/z*24/18?
2
Let s be ((-56)/(-6))/((-1)/6). Let y be s/(-10) + (-2)/(-5). What is the units digit of (-16)/(-6) + 2/y?
3
Let o(t) = -t - 2. Let g be o(-5). Let f = g + 5. What is the units digit of f?
8
Let q(l) be the second derivative of l**5/20 + l**4/12 - l**3/6 + 19*l**2/2 + 3*l. What is the tens digit of q(0)?
1
Let q(z) = 32*z**2 - 3*z + 3. What is the hundreds digit of q(3)?
2
Let f(l) = 15*l + 93. What is the hundreds digit of f(14)?
3
Let u be -2 - (129/3 + 2). What is the units digit of u/(-9) + 8/(-36)?
5
Suppose 0 = -2*q + 3*q - 5. Let d(y) = -q*y**2 - 2*y**2 - 9 - 11*y + 6*y**2. What is the units digit of d(-9)?
9
Suppose -9*l + 4*l = -10. What is the tens digit of 35*-5*l/(-25)?
1
Let a(j) = 5*j**3 - j**2 + j + 2. What is the units digit of a(2)?
0
Suppose 5*y - 67 = 343. What is the tens digit of y?
8
Suppose -231 = -3*t - 2439. What is the tens digit of t/(-24) - 1/(-3)?
3
Let o be -3*2*6/(-9). Suppose -n + 0*n = o. Let p(k) = k**3 + 4*k**2 + 3. What is the units digit of p(n)?
3
Let g(y) = 2*y**2 + 16*y - 1. What is the units digit of g(-17)?
5
Suppose 4*b = 9*b - 5. Suppose 4*w = 9 - b. What is the units digit of w?
2
Suppose -2*l - l = 12, 4*n - 5*l = 168. What is the tens digit of n?
3
What is the units digit of (-33 - -3)*((-2)/(-3))/(-1)?
0
Let j(c) = 2*c**2 - 2*c - 1. Let b be j(-1). What is the units digit of (-1)/b - 49/(-3)?
6
Suppose -24 = -2*s - 3*l, l + 2*l + 66 = 4*s. What is the tens digit of s?
1
Suppose -4*g + 564 = 5*w - 713, 0 = -3*w + 5*g + 781. What is the tens digit of w?
5
Suppose -6*y + y + 2*t + 4 = 0, -4*t + 14 = y. Suppose -4*p + 1 - 27 = -y*f, 5*f - p = 83. What is the tens digit of f?
1
Let l(k) = 2*k**2 - k**2 + 0*k**2 + 5*k - 10. What is the units digit of l(-7)?
4
Let x(t) = t**3 + 3*t**2 - t + 2. Let c = 36 + -24. Let q be (c/(-8))/(2/4). What is the units digit of x(q)?
5
Let d(f) = f**2 + 2*f - 19. What is the tens digit of d(10)?
0
Let m = 198 + -119. What is the tens digit of m?
7
Let i = -6 - -7. Let c = 3 - i. What is the units digit of c*(-3)/12*-14?
7
Let y(r) = -r**2 - r + 19. Let d be y(0). Let s = 9 - 18. Let l = d + s. What is the units digit of l?
0
Let a(o) = o**2 + 8*o + 7. What is the tens digit of a(-13)?
7
Let j = -22 + 57. What is the tens digit of j?
3
Suppose 3*n + 58 + 65 = j, j + 2*n = 128. What is the hundreds digit of j?
1
Let s(w) = w**2 + w + 35. Let x(n) = n - 6. Let j be x(6). Let q be s(j). Suppose -3*z = 2*z - q. What is the units digit of z?
7
Let h = -3 + 6. Suppose 3*z + 5 = i - 6*i, -h = 2*z + 3*i. Suppose -4*l + 32 = -4*g, -5*l + l - g + 7 = z. What is the units digit of l?
3
Let t = 2 + 2. Suppose -4*w - t*n = -n - 19, -10 = -w + n. Let l = w + -1. What is the units digit of l?
6
Let l = 13 + 4. Suppose 0 = 2*q - l - 5. What is the tens digit of q?
1
Let c(d) be the second derivative of d**3/2 + d**2/2 - 4*d. Let q be c(1). Suppose 0 - 40 = -q*p. What is the units digit of p?
0
Suppose 4*j - 2*k + 7*k = -13, 2*j - 5*k - 31 = 0. Suppose 3*a - 5*v = 6 + 11, -5*a + 85 = j*v. What is the tens digit of a?
1
Let u = -1 - 1. Let f = u + 4. Let n(m) = 3*m**2 - 2. What is the tens digit of n(f)?
1
Suppose 4*y - 9 + 1 = 0. Suppose -j = j + y. What is the units digit of 14/4 + j/(-2)?
4
Let b(h) = -2*h**3 + h**2 + 2*h + 1. Let p be b(-1). Let y(m) = -3 + 2 + 0 - p*m. What is the units digit of y(-1)?
1
Suppose -6*u = -3*v - u + 116, 0 = -5*v + 4*u + 189. What is the units digit of v?
7
Let d(k) = -k**3 - 7*k**2 + 3. Let t be d(-7). Suppose 5*u - t*u = 3*j - 69, 0 = j + 4*u - 23. What is the units digit of j?
3
Let o be (-28)/(-6) + 2/6. Suppose -s + o = 1. Suppose -s*m = -0*m - w - 18, 2*w = 2*m - 12. What is the units digit of m?
4
Let f(l) = -l**3 + 6*l**2 - 5*l + 8. What is the units digit of f(5)?
8
Let y = -8 + 5. Let f(k) = k**3 + 3*k**2 - 5*k - 2. What is the units digit of f(y)?
3
Let p = -4 + 8. Suppose -17 = -p*i + 55. Suppose 5*y + i = 68. What is the units digit of y?
0
Let a(n) = n - 2. Suppose -2 - 1 = 4*b + 5*q, 3*b - 21 = 4*q. What is the units digit of a(b)?
1
Let p be -3*(-56)/6 + 3. Let z = -2 - -2. Suppose -4*q - r + 0 + 23 = z, p = 5*q + 2*r. What is the units digit of q?
5
Let l = -6 - -10. Let x = 18 - 14. Suppose l*q = 8*q - x. What is the units digit of q?
1
Let s = -6 - -6. Suppose s*r + 21 = 3*r. What is the units digit of r?
7
Suppose -16*t + 22 = -42. What is the units digit of t?
4
Let w(l) = -4*l**2 + 6*l + 2. Let s(z) = 9*z**2 - 13*z - 3. Let y(h) = -3*s(h) - 7*w(h). What is the tens digit of y(6)?
1
Let j(p) be the third derivative of p**4/24 - p**3/6 - 2*p**2. Let g be j(6). What is the units digit of (g/15)/(1/42)?
4
Suppose -6*n + n - 3*g = -1, g = -3. Suppose n*o = -6, -c = -3*o - 2*o - 23. Suppose 0 = m + m - c. What is the units digit of m?
4
Suppose 0 = -3*h - 3 - 6. Let l = h + 7. What is the units digit of ((-102)/(-12))/(2/l)?
7
Let h(i) = i**3 - 7*i**2 + 8*i - 4. Suppose 2*z + 0*z + 2 = 0. Let g be z/3 + 76/12. What is the units digit of h(g)?
8
Suppose 0 = 4*t - 0*t - 184. What is the units digit of t?
6
Suppose 20 = 4*i - 0*i. Suppose -4*f - 5*b + 18 = 0, 0*b = -5*f + i*b. What is the units digit of f?
2
Let l = 7 + -8. Let z be (-13)/(-4) + l/4. Suppose 14 = 5*f - z*f. What is the units digit of f?
7
Let o be (-2 - -3)*7*1. Suppose 20 = o*y - 2*y. Suppose -8*g + 4*g + y = 0. What is the units digit of g?
1
Suppose 2*n = b - 16, 5*b - 3*n = n + 68. Suppose 0 = -0*c + 3*c - b. What is the units digit of c?
4
Let t(y) be the first derivative of -2 - 9*y + 1/3*y**3 - 3*y**2. What is the units digit of t(8)?
7
Suppose 3*b = -2*b + 265. What is the units digit of b?
3
Let i = -129 - -241. What is the units digit of i?
2
Let s(n) = -n**2 - 10*n - 7. Let u be s(-9). Suppose -84 = -6*r + u*r. Suppose d = -2*d + r. What is the units digit of d?
7
Let b(k) = 3*k - k**3 - 4*k + 0*k + 1 + 4*k**2. Let v be b(2). Let o = v + -3. What is the units digit of o?
4
Suppose -2*p - l + 199 = 0, 5*p - 2*p = 4*l + 304. What is the units digit of p?
0
Suppose -2*c + 0 - 4 = 0. Let v be 59 + c + 1 + -4. Suppose 4*p - v = p. What is the tens digit of p?
1
Let o = 6 + -8. Let u be (30/35)/(o/(-14)). Let j = u + -3. What is the units digit of j?
3
Let b(q) = 7*q - 11. Let w(j) = 3*j - 5. Let s(k) = 4*b(k) - 9*w(k). What is the units digit of s(2)?
3
Let g be (-3 + 6)/((-1)/(-1)). Suppose 0 = 8*j - g*j - 2*a - 6, 0 = 2*j + 4*a - 12. Suppose -j*q - 12 = -6*q. What is the units digit of q?
3
Let s(j) = 8*j + 50. What is the units digit of s(12)?
6
Suppose -3*r - 25 = 2*r. Let v(u) = u**3 + 6*u**2 + 2*u - 4. What is the tens digit of v(r)?
1
Let t(y) = -8*y + 6. What is the units digit of t(-24)?
8
Let k(q) = 5*q + 63. What is the units digit of k(21)?
8
Let i = 29 - 10. Suppose i = 5*n - 11. What is the units digit of n?
6
Let n = -7 + 38. What is the tens digit of n?
3
Suppose -2*t - 3*t - 45 = 0. Let b be 3/(-5)*(7 - 2). What is the units digit of (3/b*t)/1?
9
Suppose -m + 0 =